-1 + 6/(-9)). Suppose -5*s + 15 = -b*u - 0*s, -4*u = -5*s + 11. Let n(k) = -k**3 - 3*k**2 + 4*k - 2. Give n(u).
-2
Let v(d) = -d. Suppose -4*i = -0*g - 3*g - 88, -3*i + 61 = -g. Suppose -5*r - 6 - i = 0. Determine v(r).
5
Let w = -28 - -29. Let s(i) = -6*i. Give s(w).
-6
Let i be 6 + -5 + 1/(-3). Let j(g) be the third derivative of 0*g**4 + 0 + 0*g - 1/120*g**6 - i*g**3 + 1/15*g**5 + 2*g**2. Calculate j(3).
5
Let s(v) = v**3 - 2*v**2 - 5*v. Suppose 3*y = -0*y + 6. Suppose y*p - 4*b - 23 = b, -2*b - 6 = 0. Calculate s(p).
12
Let z(n) = -4 + 0 - 3*n**2 + 3*n + 2*n**2. Let a be (8/6)/(14/(-189)*-6). What is z(a)?
-4
Let h(o) = -o**3 + 2*o**2 + 6*o + 5. Let r(c) = 2*c**3 - 4*c**2 - 13*c - 11. Let l(m) = 5*h(m) + 2*r(m). What is l(-2)?
11
Let q(s) be the second derivative of s**4/12 + 2*s**3/3 - s**2/2 + s. Let r(b) = 2*b - 2. Let w be r(2). Suppose 15 = -3*l - w*l. Calculate q(l).
-4
Let w(c) = -c**2 - 6*c - 5. Let b(s) be the third derivative of s**4/24 - 11*s**3/6 + 4*s**2. Let m be b(6). What is w(m)?
0
Suppose 2*s = s + 5. Suppose s*m = 3*m. Let d(w) = 6*w - w**3 - 5 - 4*w - w + 0*w. What is d(m)?
-5
Let j(g) be the third derivative of 1/24*g**4 - 2/3*g**3 + 5*g**2 + 0*g + 0. Calculate j(0).
-4
Suppose 0 = 2*j - 22 + 32. Suppose 7*h = 3*h. Let g(v) = 6*v + 6*v**2 + h*v**2 + 5 + 2*v**3 - v**3. Calculate g(j).
0
Suppose 0 = -5*n - 5*s + 45, -n - s = 3*n - 27. Let y(a) = n - 7*a - 3*a**2 - a**2 + 6*a**2. Determine y(4).
10
Let m be 24/(-10)*(-10)/(-3). Let d(r) be the second derivative of -r**4/12 - 7*r**3/6 + 11*r**2/2 - r. Calculate d(m).
3
Suppose 16*m = -4*w + 12*m + 44, -4*w = -4*m - 4. Let o(g) = -5*g. Let k(q) = 6*q. Let a(c) = -4*k(c) - 5*o(c). Give a(w).
6
Let g(m) be the third derivative of 1/6*m**3 + 0 + 1/12*m**5 + 0*m - m**2 - 1/6*m**4 - 1/120*m**6. Let k be 2 + (0 + 2)*1. Calculate g(k).
1
Let f be 8/6 + (-6)/(-9). Let c(w) be the third derivative of 1/12*w**4 - 1/60*w**5 + 1/2*w**3 + 0 + 3*w**f + 0*w. Give c(4).
-5
Suppose -2*p + 2 = 0, -2*o = -2*p - 3*p + 1. Let u(w) = 4*w**3 - 6*w**3 - 3 + 6*w**o + 3*w**3. Give u(-6).
-3
Let p(m) be the third derivative of m**4/24 - 8*m**3/3 - 22*m**2. What is p(8)?
-8
Let h(p) be the first derivative of -3*p**2/2 + 11. Determine h(3).
-9
Let d(t) = 20*t**2 - t. Let l = 0 - -1. Let j be d(l). Let n(i) = -18 - 2*i + j - 2*i. Calculate n(-2).
9
Let d(j) be the third derivative of -1/12*j**6 + 0*j + 0*j**4 + 1/6*j**3 + 0*j**5 + 2*j**2 + 0. What is d(1)?
-9
Let o(m) be the second derivative of m**7/840 + m**6/360 - m**5/120 + 5*m**3/6 - 4*m. Let r(f) be the second derivative of o(f). Give r(-2).
-2
Let y(k) = k**3 - 11*k**2 - 13*k + 18. Let p be y(12). Let g(z) = -z**2 + 5*z - 2. What is g(p)?
-8
Let p(a) = -a**2 - 8*a - 5. Let k be p(-5). Let m = -15 + k. Let h(j) = j**2 - j - 1. Let s(n) = 5*n**2 + n. Let z(t) = -4*h(t) + s(t). Determine z(m).
4
Let h(u) be the first derivative of u**2/2 + u + 3. Determine h(-6).
-5
Let z(g) = -3*g + 5*g**2 - 4 - 7*g**3 + 0*g + 0*g. Let d(l) = -l**3 + l**2 - l - 1. Let m(f) = 4*d(f) - z(f). Let b be 16/(-14) + (66/21 - 3). Determine m(b).
-3
Suppose 14 = -l - l. Let x(s) be the third derivative of s**4/24 + 5*s**3/3 - 6*s**2 - 1. What is x(l)?
3
Let f(y) be the first derivative of y**4/4 - y**3/3 + y**2 + y - 34. Calculate f(2).
9
Let n(h) = -8*h**2 + h + 1. Suppose -4*t + 0 - 4 = -2*i, 0 = -3*t - 3*i - 3. Calculate n(t).
-8
Let p(u) = -2*u + 5. Suppose 5*j - 14 - 1 = 0. Suppose j*o - o + 14 = 0. Let q = -3 - o. Calculate p(q).
-3
Let k(c) be the third derivative of -c**7/840 + c**5/120 - c**4/8 + c**3/6 - 3*c**2. Let f(r) be the first derivative of k(r). Determine f(0).
-3
Let q(c) = 7*c**3 + 9*c**2 - 7*c + 9. Let v(s) = 4*s**3 + 4*s**2 - 3*s + 4. Let u(w) = 4*q(w) - 9*v(w). Determine u(1).
-9
Let j = 5 - 9. Let c be 1/(1/j*-1). Let v(l) = l**3 - 4*l**2 - 4. What is v(c)?
-4
Suppose -3*m - m + 20 = 0, -v - 3*m = -14. Let d(o) = -o**2 + 7*o + 1 - 7*o - 15*o**3. What is d(v)?
15
Let v(u) = 0*u**3 - 9 - 2*u - u**2 + 7*u**2 + u**3. Let t = 12 - 18. Give v(t).
3
Suppose -45 = -5*f + 4*o, 2*f + o - 24 + 6 = 0. Let x = 12 - f. Let c(s) = -2*s - 4. Give c(x).
-10
Let u = -2 - -2. Suppose 0*h - 5*h - 25 = u. Let p(d) be the second derivative of d**3/3 + 3*d**2/2 + d. Calculate p(h).
-7
Let s(a) = 4*a - a**3 + 4*a - a - 5*a**2 + 7 + 2*a**2. Calculate s(-5).
22
Let d(t) = -3*t + 5 - 2 - t. Let x be (-2)/(-1)*3/6. Let p be (x/(-3))/(-1)*6. What is d(p)?
-5
Let a be 2/(-12) + (-490)/84. Let t(i) = 2*i - 8. Give t(a).
-20
Suppose 5*s = 3*l - 11 + 2, -4*s = 5*l - 15. Let w(t) = -20*t**l + 6*t**2 - 7*t + 21*t**3 - 2*t**2 - 7. Calculate w(-5).
3
Let p(t) = 1 - 2*t + 6*t + 3*t. Let v(c) = -3*c**2 + 1. Let f be v(-1). Let s be -5 + (1*-6)/f. Calculate p(s).
-13
Suppose -4*c + 2*c = -4. Let d(j) = -1 - j + c*j + j. Let a = 4 + -3. Give d(a).
1
Let x(s) be the first derivative of -s**4/4 + 2*s**3 - 4*s + 4. Give x(6).
-4
Let o(p) be the second derivative of -p**6/180 - p**5/30 + p**4/8 - p**3/3 + 5*p. Let f(h) be the second derivative of o(h). Calculate f(-4).
-13
Let h(u) = 5*u + 0 - 2*u**2 + 3 - 5. Let j be 75/27 - (-4)/18. Calculate h(j).
-5
Let n(u) = u**2 + 8. Let f(h) = -8*h**2 - h**2 + 4*h**2 + h - 33. Let b(k) = -k**2 + 7*k - 3. Let l be b(4). Let v(o) = l*n(o) + 2*f(o). Determine v(5).
-9
Let f(p) be the first derivative of -3*p - 2 - 2*p**2 + p**2 + 0*p**2. Calculate f(-2).
1
Let u(j) = j + 4. Let n be u(2). Let r = n + -11. Let o(w) = w**3 + 5*w**2 + 3*w + 6. Give o(r).
-9
Let a(v) = v**2 + 9*v + 4. Let x = -11 - -13. Suppose -x*m - 4*z - 1 = 3, -2*z = -4. What is a(m)?
-14
Let x(p) = -2*p**3 + 25*p**2 - 29*p**2 - 2 + 3*p + 5*p**3. Give x(2).
12
Let s be (-2)/(-5) + 146/10. Let m be (-3)/(1 - s/6). Let x(d) = -d**2 + 2*d**2 - m*d**2. Determine x(0).
0
Let n(p) = p - 1. Let k(d) = -d**2 + 18*d - 50. Let m be k(15). What is n(m)?
-6
Let u(y) = 2*y**2 + 14*y - 3. Let t(l) = 3*l**2 + 21*l - 5. Let x(f) = 5*t(f) - 8*u(f). Let b be -5*(-4 + 8 + -3). Give x(b).
9
Let s(c) = 7*c + 3. Let o(u) = -4*u - 1. Let p(w) = -5*o(w) - 3*s(w). Determine p(-6).
2
Let u(y) = 31*y**3 + 21*y**2 - 6*y. Let k(b) = -6*b**3 - 4*b**2 + b. Let t(x) = -11*k(x) - 2*u(x). Determine t(-1).
-3
Let y(l) = -l**2 - 2*l + 1. Suppose 2*r - 6*r - q - 11 = 0, 0 = 4*r - 5*q - 7. Give y(r).
1
Let v(n) = -n + 7*n**2 - 9*n**2 + 4*n**3 + 0*n + n**3. Let x be (-3)/1 + 2 + 0. Determine v(x).
-6
Let k(g) = -3*g**2 + 2*g + 1. Let v(a) = -3*a**2 - a**2 + 0*a + 2 + 2*a. Let n(z) = -5*k(z) + 4*v(z). Determine n(2).
-5
Let t(a) = -6*a**2 - 9*a + 15. Let y(o) = -3*o**2 - 4*o + 7. Let x(i) = -6*t(i) + 13*y(i). Give x(-1).
-4
Suppose 3*k + 76 = -k. Let d = k + 16. Let i(j) be the first derivative of j**4/4 + j**3/3 - 3*j**2/2 + 4*j + 1. Calculate i(d).
-5
Let d = 3 - 4. Let x(w) be the third derivative of w**5/60 + w**4/24 - w**3/6 + 5*w**2. Calculate x(d).
-1
Suppose -2*g = -6*g + 12. Let r(s) = 5 - 5*s + 1 - g*s - 7. Determine r(-1).
7
Let k(j) be the second derivative of j - 1/12*j**4 - 1/20*j**5 - j**2 + 0 - 1/3*j**3. Let x(h) = h + 3. Let r be x(-5). Give k(r).
6
Let v(l) = -l**3 + 3*l**2 - 2*l - 1. Suppose 4*n + n - 20 = -m, -4*n = m - 16. Suppose m = -3*p - 12, -2*a + 5*a - 5*p = 26. Give v(a).
-1
Suppose 1 + 1 = -2*r. Let z(l) = l + 6 - 52 + 35 + 11. Give z(r).
-1
Let l = 2 - 2. Let k(c) = -c + l*c**3 + 0*c**3 + c**3 + 4*c**2. Suppose 4*q + 9 = -7. What is k(q)?
4
Let k(f) = 3*f**2 + 5*f. Let q(x) = 5*x**2 + 9*x + 1. Let p(r) = 7*k(r) - 4*q(r). Let g be 3 + (3 - (-3 + 9)). Give p(g).
-4
Let d(s) = s**2 - 2*s - 1. Let c be d(3). Let g(h) = -h + 5 + 2*h - c*h. Let b be (-2)/(-2)*(4 + -1). Calculate g(b).
2
Let j(y) = 1 - 8*y + 3 - 108*y**2 + y**3 + 102*y**2 + y. Determine j(7).
4
Let g be -4 + -2*(2 - 3). Suppose 4*v = -h - 20, 2*v + 0*v + 2*h + 10 = 0. Let b be 3 + (g + 3)*v. Let o(m) = 3*m**2 + 3*m + 1. Calculate o(b).
7
Let c = -18 + 21. Let r(a) = 2*a - 1. What is r(c)?
5
Let x(z) be the first derivative of -7*z + 1/2*z**2 - 1. Determine x(5).
-2
Let j(p) = -2*p**2 + 3*p + 1. Let m = 7 - 6. Let h be (m + 0)/(3/9). Calculate j(h).
-8
Let f(c) = 5 + 1 - 3 - c + 4*c. Let w = 1 - 1. Let h be 1 - w - 16/4. Determine f(h).
-6
Let l(b) be the third derivative of -b**5/60 + b**4/8 - 2*b**3/3 - 5*b**2. What is l(3)?
-4
Let 